uawdijnntqw1x1x1
IP : 216.73.216.214
Hostname : octopus.securecp.top
Kernel : Linux octopus.securecp.top 5.14.0-687.15.1.el9_8.x86_64 #1 SMP PREEMPT_DYNAMIC Thu Jun 11 08:51:45 EDT 2026 x86_64
Disable Function : exec,system,passthru,shell_exec,proc_nice,proc_terminate,pfsockopen,dl,show_source,posix_kill,posix_mkfifo,posix_getpwuid,posix_setpgid,posix_setsid,posix_setuid,posix_setgid,posix_seteuid,posix_setegid,posix_uname,leak,apache_child_terminate
OS : Linux
PATH:
/
home
/
admiracreativos
/
baby.admiracreativos.com
/
..
/
access-logs
/
solutec.admiracreativos.com-ssl_log
/
/
209.50.240.174 - - [04/May/2026:12:08:42 +0000] "POST /wp-cron.php?doing_wp_cron=1777896522.5345249176025390625000 HTTP/1.1" 200 0 "-" "WordPress/6.9.4; https://solutec.admiracreativos.com"
52.167.144.179 - - [04/May/2026:12:08:41 +0000] "GET /wp-sitemap-taxonomies-product_brand-1.xml HTTP/2" 200 196 "-" "Mozilla/5.0 AppleWebKit/537.36 (KHTML, like Gecko; compatible; bingbot/2.0; +http://www.bing.com/bingbot.htm) Chrome/116.0.1938.76 Safari/537.36"
209.50.240.174 - - [04/May/2026:12:45:22 +0000] "POST /wp-cron.php?doing_wp_cron=1777898722.6414580345153808593750 HTTP/1.1" 200 0 "-" "WordPress/6.9.4; https://solutec.admiracreativos.com"
216.73.216.111 - - [04/May/2026:12:45:21 +0000] "GET /robots.txt HTTP/2" 200 170 "-" "Mozilla/5.0 AppleWebKit/537.36 (KHTML, like Gecko; compatible; ClaudeBot/1.0; +claudebot@anthropic.com)"
216.73.216.111 - - [04/May/2026:12:45:22 +0000] "GET /wp-sitemap.xml HTTP/2" 200 216 "-" "Mozilla/5.0 AppleWebKit/537.36 (KHTML, like Gecko; compatible; ClaudeBot/1.0; +claudebot@anthropic.com)"
209.50.240.174 - - [04/May/2026:12:55:19 +0000] "POST /wp-cron.php?doing_wp_cron=1777899319.4542369842529296875000 HTTP/1.1" 200 0 "-" "WordPress/6.9.4; https://solutec.admiracreativos.com"
40.77.167.123 - - [04/May/2026:12:55:17 +0000] "GET /categoria-producto/accesorios-otros/ HTTP/2" 200 30570 "-" "Mozilla/5.0 AppleWebKit/537.36 (KHTML, like Gecko; compatible; bingbot/2.0; +http://www.bing.com/bingbot.htm) Chrome/116.0.1938.76 Safari/537.36"
209.50.240.174 - - [04/May/2026:13:52:26 +0000] "POST /wp-cron.php?doing_wp_cron=1777902746.5989289283752441406250 HTTP/1.1" 200 0 "-" "WordPress/6.9.4; https://solutec.admiracreativos.com"
54.217.83.13 - - [04/May/2026:13:52:24 +0000] "GET / HTTP/1.1" 200 37542 "-" "Mozilla/5.0 (Linux; Android 13; Pixel 7) AppleWebKit/537.36 (KHTML, like Gecko) Chrome/119.0.0.0 Mobile Safari/537.36"
209.50.240.174 - - [04/May/2026:14:18:55 +0000] "POST /wp-cron.php?doing_wp_cron=1777904335.3874330520629882812500 HTTP/1.1" 200 0 "-" "WordPress/6.9.4; https://solutec.admiracreativos.com"
40.77.167.126 - - [04/May/2026:14:18:53 +0000] "GET /categoria-producto/balanzas/colgantes/ HTTP/2" 200 29603 "-" "Mozilla/5.0 AppleWebKit/537.36 (KHTML, like Gecko; compatible; bingbot/2.0; +http://www.bing.com/bingbot.htm) Chrome/116.0.1938.76 Safari/537.36"
209.50.240.174 - - [04/May/2026:14:31:41 +0000] "POST /wp-cron.php?doing_wp_cron=1777905101.5987648963928222656250 HTTP/1.1" 200 0 "-" "WordPress/6.9.4; https://solutec.admiracreativos.com"
207.46.13.141 - - [04/May/2026:14:31:40 +0000] "GET /wp-sitemap-posts-page-1.xml HTTP/2" 200 267 "-" "Mozilla/5.0 AppleWebKit/537.36 (KHTML, like Gecko; compatible; bingbot/2.0; +http://www.bing.com/bingbot.htm) Chrome/116.0.1938.76 Safari/537.36"
216.73.216.111 - - [04/May/2026:14:59:38 +0000] "GET /robots.txt HTTP/2" 200 170 "-" "Mozilla/5.0 AppleWebKit/537.36 (KHTML, like Gecko; compatible; ClaudeBot/1.0; +claudebot@anthropic.com)"
216.73.216.111 - - [04/May/2026:14:59:40 +0000] "GET /wp-sitemap.xml HTTP/2" 200 216 "-" "Mozilla/5.0 AppleWebKit/537.36 (KHTML, like Gecko; compatible; ClaudeBot/1.0; +claudebot@anthropic.com)"
209.50.240.174 - - [04/May/2026:14:59:40 +0000] "POST /wp-cron.php?doing_wp_cron=1777906780.0236248970031738281250 HTTP/1.1" 200 0 "-" "WordPress/6.9.4; https://solutec.admiracreativos.com"
43.166.136.24 - - [04/May/2026:15:09:03 +0000] "GET / HTTP/1.1" 200 43085 "http://solutec.admiracreativos.com" "Mozilla/5.0 (iPhone; CPU iPhone OS 13_2_3 like Mac OS X) AppleWebKit/605.1.15 (KHTML, like Gecko) Version/13.0.3 Mobile/15E148 Safari/604.1"
209.50.240.174 - - [04/May/2026:15:07:06 +0000] "POST /wp-cron.php?doing_wp_cron=1777907226.8086969852447509765625 HTTP/1.1" 200 0 "-" "WordPress/6.9.4; https://solutec.admiracreativos.com"
74.7.228.30 - - [04/May/2026:15:07:05 +0000] "GET /robots.txt HTTP/2" 200 170 "-" "Mozilla/5.0 (Macintosh; Intel Mac OS X 10_15_7) AppleWebKit/537.36 (KHTML, like Gecko) Chrome/131.0.0.0 Safari/537.36; compatible; OAI-SearchBot/1.3; robots.txt; +https://openai.com/searchbot"
209.50.240.174 - - [04/May/2026:15:21:20 +0000] "POST /wp-cron.php?doing_wp_cron=1777908080.1572840213775634765625 HTTP/1.1" 200 0 "-" "WordPress/6.9.4; https://solutec.admiracreativos.com"
157.55.39.195 - - [04/May/2026:15:21:18 +0000] "GET /producto/white-bird-i30-i30s/ HTTP/2" 200 30984 "-" "Mozilla/5.0 AppleWebKit/537.36 (KHTML, like Gecko; compatible; bingbot/2.0; +http://www.bing.com/bingbot.htm) Chrome/116.0.1938.76 Safari/537.36"
198.251.71.113 - - [04/May/2026:16:39:46 +0000] "POST /xmlrpc.php HTTP/2" 200 216 "-" "Mozilla/5.0 (Windows NT 6.3; WOW64; Trident/7.0; MAARJS; rv:11.0) like Gecko"
209.50.240.174 - - [04/May/2026:16:39:47 +0000] "POST /wp-cron.php?doing_wp_cron=1777912787.9413459300994873046875 HTTP/1.1" 200 0 "-" "WordPress/6.9.4; https://solutec.admiracreativos.com"
158.220.126.105 - - [04/May/2026:16:40:17 +0000] "GET /wp-login.php HTTP/2" 200 971 "-" "Mozilla/5.0 (Windows NT 5.1; Win64; x64) AppleWebKit/537.36 (KHTML, like Gecko) Chrome/52.0.2743.116 Safari/537.36 Edge/15.15063"
158.220.126.105 - - [04/May/2026:16:40:18 +0000] "POST /wp-login.php HTTP/2" 200 971 "https://solutec.admiracreativos.com/wp-login.php" "Mozilla/5.0 (Windows NT 5.1; Win64; x64) AppleWebKit/537.36 (KHTML, like Gecko) Chrome/52.0.2743.116 Safari/537.36 Edge/15.15063"
209.50.240.174 - - [04/May/2026:16:46:52 +0000] "POST /wp-cron.php?doing_wp_cron=1777913212.1513359546661376953125 HTTP/1.1" 200 0 "-" "WordPress/6.9.4; https://solutec.admiracreativos.com"
74.91.224.220 - - [04/May/2026:16:46:51 +0000] "POST /xmlrpc.php HTTP/2" 200 216 "-" "Mozilla/4.0 (compatible; MSIE 7.0; Windows NT 6.1; Trident/7.0; SLCC2; .NET CLR 2.0.50727; .NET CLR 3.5.30729; .NET CLR 3.0.30729; Media Center PC 6.0; .NET4.0C; .NET4.0E; GWX:QUALIFIED)"
209.50.240.174 - - [04/May/2026:17:01:06 +0000] "POST /wp-cron.php?doing_wp_cron=1777914066.4137909412384033203125 HTTP/1.1" 200 0 "-" "WordPress/6.9.4; https://solutec.admiracreativos.com"
38.95.35.85 - - [04/May/2026:17:01:05 +0000] "POST /xmlrpc.php HTTP/2" 200 216 "-" "Mozilla/5.0 (Windows NT 6.3; WOW64; Trident/7.0; MAARJS; rv:11.0) like Gecko"
209.50.240.174 - - [04/May/2026:17:14:45 +0000] "POST /wp-cron.php?doing_wp_cron=1777914885.7223720550537109375000 HTTP/1.1" 200 0 "-" "WordPress/6.9.4; https://solutec.admiracreativos.com"
152.53.44.20 - - [04/May/2026:17:15:06 +0000] "GET /wp-login.php HTTP/2" 200 971 "-" "Mozilla/5.0 (Windows NT 6.1) AppleWebKit/537.36 (KHTML, like Gecko) Chrome/63.0.3239.132 Safari/537.36 OPR/50.0.2762.67"
152.53.44.20 - - [04/May/2026:17:15:06 +0000] "POST /wp-login.php HTTP/2" 200 971 "https://solutec.admiracreativos.com/wp-login.php" "Mozilla/5.0 (Windows NT 6.1) AppleWebKit/537.36 (KHTML, like Gecko) Chrome/63.0.3239.132 Safari/537.36 OPR/50.0.2762.67"
217.142.142.174 - - [04/May/2026:17:14:44 +0000] "POST /xmlrpc.php HTTP/2" 200 216 "-" "Mozilla/4.0 (compatible; MSIE 7.0; Windows NT 10.0; WOW64; Trident/7.0; Touch; .NET4.0C; .NET4.0E; .NET CLR 2.0.50727; .NET CLR 3.0.30729; .NET CLR 3.5.30729; Tablet PC 2.0)"
209.50.240.174 - - [04/May/2026:17:19:32 +0000] "POST /wp-cron.php?doing_wp_cron=1777915172.5389430522918701171875 HTTP/1.1" 200 0 "-" "WordPress/6.9.4; https://solutec.admiracreativos.com"
92.205.109.21 - - [04/May/2026:17:19:31 +0000] "POST /xmlrpc.php HTTP/2" 200 216 "-" "Mozilla/4.0 (compatible; MSIE 7.0; Windows NT 6.1; Trident/7.0; SLCC2; .NET CLR 2.0.50727; .NET CLR 3.5.30729; .NET CLR 3.0.30729; Media Center PC 6.0; .NET4.0C; .NET4.0E)"
209.50.240.174 - - [04/May/2026:17:31:10 +0000] "POST /wp-cron.php?doing_wp_cron=1777915870.5984621047973632812500 HTTP/1.1" 200 0 "-" "WordPress/6.9.4; https://solutec.admiracreativos.com"
199.203.54.15 - - [04/May/2026:17:31:09 +0000] "POST /xmlrpc.php HTTP/2" 200 216 "-" "Mozilla/5.0 (Windows NT 10.0; WOW64; Trident/7.0; Touch; MDDCJS; rv:11.0) like Gecko"
50.6.7.129 - - [04/May/2026:17:37:52 +0000] "GET /wp-login.php HTTP/2" 200 971 "-" "Mozilla/5.0 (Windows NT 6.1; WOW64) AppleWebKit/537.36 (KHTML, like Gecko) Chrome/67.0.3396.87 Safari/537.36"
50.6.7.129 - - [04/May/2026:17:37:52 +0000] "POST /wp-login.php HTTP/2" 200 971 "https://solutec.admiracreativos.com/wp-login.php" "Mozilla/5.0 (Windows NT 6.1; WOW64) AppleWebKit/537.36 (KHTML, like Gecko) Chrome/67.0.3396.87 Safari/537.36"
209.50.240.174 - - [04/May/2026:17:43:24 +0000] "POST /wp-cron.php?doing_wp_cron=1777916604.7235538959503173828125 HTTP/1.1" 200 0 "-" "WordPress/6.9.4; https://solutec.admiracreativos.com"
135.236.141.8 - - [04/May/2026:17:43:33 +0000] "GET /wp-login.php HTTP/2" 200 971 "-" "Mozilla/5.0 (Windows NT 6.1; WOW64; Trident/7.0; BOIE9;ENCA; rv:11.0) like Gecko"
135.236.141.8 - - [04/May/2026:17:43:41 +0000] "POST /wp-login.php HTTP/2" 200 971 "https://solutec.admiracreativos.com/wp-login.php" "Mozilla/5.0 (Windows NT 6.1; WOW64; Trident/7.0; BOIE9;ENCA; rv:11.0) like Gecko"
209.50.240.174 - - [04/May/2026:17:42:11 +0000] "POST /wp-cron.php?doing_wp_cron=1777916531.1625509262084960937500 HTTP/1.1" 200 0 "-" "WordPress/6.9.4; https://solutec.admiracreativos.com"
121.200.216.56 - - [04/May/2026:17:42:10 +0000] "POST /xmlrpc.php HTTP/2" 200 216 "-" "Mozilla/5.0 (Windows NT 6.1; WOW64; Trident/7.0; TNJB; rv:11.0) like Gecko"
52.167.144.169 - - [04/May/2026:17:43:23 +0000] "GET /categoria-producto/celdas-de-carga/flintec/ HTTP/2" 200 30813 "-" "Mozilla/5.0 AppleWebKit/537.36 (KHTML, like Gecko; compatible; bingbot/2.0; +http://www.bing.com/bingbot.htm) Chrome/116.0.1938.76 Safari/537.36"
50.6.229.148 - - [04/May/2026:17:59:15 +0000] "GET /wp-login.php HTTP/2" 200 971 "-" "Mozilla/5.0 (Windows NT 6.1; Win64; x64) AppleWebKit/537.36 (KHTML, like Gecko) Chrome/64.0.3282.186 Safari/537.36 OPR/51.0.2830.55"
209.50.240.174 - - [04/May/2026:17:59:18 +0000] "POST /wp-cron.php?doing_wp_cron=1777917558.2166349887847900390625 HTTP/1.1" 200 0 "-" "WordPress/6.9.4; https://solutec.admiracreativos.com"
50.6.229.148 - - [04/May/2026:17:59:15 +0000] "POST /wp-login.php HTTP/2" 200 971 "https://solutec.admiracreativos.com/wp-login.php" "Mozilla/5.0 (Windows NT 6.1; Win64; x64) AppleWebKit/537.36 (KHTML, like Gecko) Chrome/64.0.3282.186 Safari/537.36 OPR/51.0.2830.55"
161.132.40.97 - - [04/May/2026:17:59:17 +0000] "POST /xmlrpc.php HTTP/2" 200 216 "-" "Mozilla/5.0 (Windows NT 10.0; WOW64) AppleWebKit/537.36 (KHTML, like Gecko) Chrome/63.0.3239.132 Safari/537.36 OPR/50.0.2762.67"
209.50.240.174 - - [04/May/2026:18:03:27 +0000] "POST /wp-cron.php?doing_wp_cron=1777917807.5283839702606201171875 HTTP/1.1" 200 0 "-" "WordPress/6.9.4; https://solutec.admiracreativos.com"
199.203.54.15 - - [04/May/2026:18:03:26 +0000] "POST /xmlrpc.php HTTP/2" 200 216 "-" "Mozilla/5.0 (Macintosh; Intel Mac OS X 10_12_6) AppleWebKit/537.36 (KHTML, like Gecko) Chrome/67.0.3396.62 Safari/537.36"
209.50.240.174 - - [04/May/2026:18:04:43 +0000] "POST /wp-cron.php?doing_wp_cron=1777917883.5766210556030273437500 HTTP/1.1" 200 0 "-" "WordPress/6.9.4; https://solutec.admiracreativos.com"
216.73.216.111 - - [04/May/2026:18:04:42 +0000] "GET /robots.txt HTTP/2" 200 170 "-" "Mozilla/5.0 AppleWebKit/537.36 (KHTML, like Gecko; compatible; ClaudeBot/1.0; +claudebot@anthropic.com)"
216.73.216.111 - - [04/May/2026:18:04:43 +0000] "GET /wp-sitemap.xml HTTP/2" 200 216 "-" "Mozilla/5.0 AppleWebKit/537.36 (KHTML, like Gecko; compatible; ClaudeBot/1.0; +claudebot@anthropic.com)"
209.50.240.174 - - [04/May/2026:18:09:20 +0000] "POST /wp-cron.php?doing_wp_cron=1777918160.4429209232330322265625 HTTP/1.1" 200 0 "-" "WordPress/6.9.4; https://solutec.admiracreativos.com"
132.184.161.167 - - [04/May/2026:18:09:40 +0000] "GET /wp-content/uploads/2026/04/h1a.webp HTTP/2" 200 28120 "https://solutecperu.net/" "Mozilla/5.0 (iPhone; CPU iPhone OS 18_6 like Mac OS X) AppleWebKit/605.1.15 (KHTML, like Gecko) Version/26.0 Mobile/15E148 Safari/604.1"
132.184.161.167 - - [04/May/2026:18:09:40 +0000] "GET /wp-content/uploads/2026/04/h1a.webp HTTP/2" 200 28120 "https://solutecperu.net/" "Mozilla/5.0 (iPhone; CPU iPhone OS 18_6 like Mac OS X) AppleWebKit/605.1.15 (KHTML, like Gecko) Version/26.0 Mobile/15E148 Safari/604.1"
132.184.161.167 - - [04/May/2026:18:09:43 +0000] "GET /wp-content/uploads/2026/04/hero-repetidor.webp HTTP/2" 200 13380 "https://solutecperu.net/" "Mozilla/5.0 (iPhone; CPU iPhone OS 18_6 like Mac OS X) AppleWebKit/605.1.15 (KHTML, like Gecko) Version/26.0 Mobile/15E148 Safari/604.1"
132.184.161.167 - - [04/May/2026:18:09:43 +0000] "GET /wp-content/uploads/2026/04/Hero-Peso.webp HTTP/2" 200 37204 "https://solutecperu.net/" "Mozilla/5.0 (iPhone; CPU iPhone OS 18_6 like Mac OS X) AppleWebKit/605.1.15 (KHTML, like Gecko) Version/26.0 Mobile/15E148 Safari/604.1"
132.184.161.167 - - [04/May/2026:18:09:43 +0000] "GET /wp-content/uploads/2026/04/hero-repetidor.webp HTTP/2" 200 13380 "https://solutecperu.net/" "Mozilla/5.0 (iPhone; CPU iPhone OS 18_6 like Mac OS X) AppleWebKit/605.1.15 (KHTML, like Gecko) Version/26.0 Mobile/15E148 Safari/604.1"
132.184.161.167 - - [04/May/2026:18:09:43 +0000] "GET /wp-content/uploads/2026/04/Hero-Peso.webp HTTP/2" 200 37204 "https://solutecperu.net/" "Mozilla/5.0 (iPhone; CPU iPhone OS 18_6 like Mac OS X) AppleWebKit/605.1.15 (KHTML, like Gecko) Version/26.0 Mobile/15E148 Safari/604.1"
132.184.161.167 - - [04/May/2026:18:09:49 +0000] "GET /wp-content/uploads/2026/04/hero-Celdas.webp HTTP/2" 200 46754 "https://solutecperu.net/" "Mozilla/5.0 (iPhone; CPU iPhone OS 18_6 like Mac OS X) AppleWebKit/605.1.15 (KHTML, like Gecko) Version/26.0 Mobile/15E148 Safari/604.1"
132.184.161.167 - - [04/May/2026:18:09:50 +0000] "GET /wp-content/uploads/2026/04/hero-Celdas.webp HTTP/2" 200 46754 "https://solutecperu.net/" "Mozilla/5.0 (iPhone; CPU iPhone OS 18_6 like Mac OS X) AppleWebKit/605.1.15 (KHTML, like Gecko) Version/26.0 Mobile/15E148 Safari/604.1"
132.184.161.167 - - [04/May/2026:18:09:52 +0000] "GET /wp-content/uploads/2026/04/hero-Celdas-1.webp HTTP/2" 200 19824 "https://solutecperu.net/" "Mozilla/5.0 (iPhone; CPU iPhone OS 18_6 like Mac OS X) AppleWebKit/605.1.15 (KHTML, like Gecko) Version/26.0 Mobile/15E148 Safari/604.1"
132.184.161.167 - - [04/May/2026:18:09:52 +0000] "GET /wp-content/uploads/2026/04/hero-Celdas-1.webp HTTP/2" 200 19824 "https://solutecperu.net/" "Mozilla/5.0 (iPhone; CPU iPhone OS 18_6 like Mac OS X) AppleWebKit/605.1.15 (KHTML, like Gecko) Version/26.0 Mobile/15E148 Safari/604.1"
38.95.35.85 - - [04/May/2026:18:14:45 +0000] "GET /wp-login.php HTTP/2" 200 971 "-" "Mozilla/5.0 (Macintosh; Intel Mac OS X 10_13_2) AppleWebKit/537.36 (KHTML, like Gecko) Chrome/66.0.3359.181 Safari/537.36"
38.95.35.85 - - [04/May/2026:18:14:46 +0000] "POST /wp-login.php HTTP/2" 200 971 "https://solutec.admiracreativos.com/wp-login.php" "Mozilla/5.0 (Macintosh; Intel Mac OS X 10_13_2) AppleWebKit/537.36 (KHTML, like Gecko) Chrome/66.0.3359.181 Safari/537.36"
137.74.133.23 - - [04/May/2026:18:09:19 +0000] "POST /xmlrpc.php HTTP/2" 200 216 "-" "Mozilla/5.0 (Windows NT 6.1; WOW64; Trident/7.0; EIE10;ENUSMCM; rv:11.0) like Gecko"
209.50.240.174 - - [04/May/2026:18:18:38 +0000] "POST /wp-cron.php?doing_wp_cron=1777918718.4763309955596923828125 HTTP/1.1" 200 0 "-" "WordPress/6.9.4; https://solutec.admiracreativos.com"
92.205.109.21 - - [04/May/2026:18:18:37 +0000] "POST /xmlrpc.php HTTP/2" 200 216 "-" "Mozilla/5.0 (X11; Linux x86_64; rv:61.0) Gecko/20100101 Firefox/61.0"
50.6.229.148 - - [04/May/2026:18:18:31 +0000] "GET /wp-login.php HTTP/2" 200 971 "-" "Mozilla/5.0 (Windows NT 6.1; WOW64) AppleWebKit/537.36 (KHTML, like Gecko) Chrome/67.0.3396.79 Safari/537.36"
50.6.229.148 - - [04/May/2026:18:18:40 +0000] "POST /wp-login.php HTTP/2" 200 971 "https://solutec.admiracreativos.com/wp-login.php" "Mozilla/5.0 (Windows NT 6.1; WOW64) AppleWebKit/537.36 (KHTML, like Gecko) Chrome/67.0.3396.79 Safari/537.36"
209.50.240.174 - - [04/May/2026:18:38:03 +0000] "POST /wp-cron.php?doing_wp_cron=1777919883.7501430511474609375000 HTTP/1.1" 200 0 "-" "WordPress/6.9.4; https://solutec.admiracreativos.com"
103.100.38.132 - - [04/May/2026:18:24:41 +0000] "GET /wp-login.php HTTP/2" 200 971 "-" "Mozilla/5.0 (Macintosh; Intel Mac OS X 10_12) AppleWebKit/602.1.40 (KHTML, like Gecko) Version/10.0 Safari/602.1.40"
103.100.38.132 - - [04/May/2026:18:24:50 +0000] "POST /wp-login.php HTTP/2" 200 971 "https://solutec.admiracreativos.com/wp-login.php" "Mozilla/5.0 (Macintosh; Intel Mac OS X 10_12) AppleWebKit/602.1.40 (KHTML, like Gecko) Version/10.0 Safari/602.1.40"
209.50.240.174 - - [04/May/2026:18:28:43 +0000] "POST /wp-cron.php?doing_wp_cron=1777919323.4859778881072998046875 HTTP/1.1" 200 0 "-" "WordPress/6.9.4; https://solutec.admiracreativos.com"
213.238.191.143 - - [04/May/2026:18:28:42 +0000] "POST /xmlrpc.php HTTP/2" 200 216 "-" "Mozilla/5.0 (Windows NT 6.3; WOW64; Trident/7.0; Touch; MASEJS; rv:11.0) like Gecko"
192.176.172.166 - - [04/May/2026:18:37:06 +0000] "GET /wp-login.php HTTP/2" 200 971 "-" "Mozilla/5.0 (Windows NT 10.0; WOW64; Trident/7.0; LCTE; rv:11.0) like Gecko"
192.176.172.166 - - [04/May/2026:18:37:06 +0000] "POST /wp-login.php HTTP/2" 200 971 "https://solutec.admiracreativos.com/wp-login.php" "Mozilla/5.0 (Windows NT 10.0; WOW64; Trident/7.0; LCTE; rv:11.0) like Gecko"
121.200.216.56 - - [04/May/2026:18:38:02 +0000] "POST /xmlrpc.php HTTP/2" 200 216 "-" "Mozilla/5.0 (Macintosh; Intel Mac OS X 10_11_6) AppleWebKit/605.1.15 (KHTML, like Gecko) Version/11.1.1 Safari/605.1.15"
38.95.35.85 - - [04/May/2026:18:55:49 +0000] "GET /wp-login.php HTTP/2" 200 971 "-" "Mozilla/4.0 (compatible; MSIE 7.0; Windows NT 6.1; WOW64; Trident/7.0; SLCC2; .NET CLR 2.0.50727; .NET CLR 3.5.30729; .NET CLR 3.0.30729; InfoPath.2; .NET4.0C; .NET4.0E)"
38.95.35.85 - - [04/May/2026:18:55:49 +0000] "POST /wp-login.php HTTP/2" 200 971 "https://solutec.admiracreativos.com/wp-login.php" "Mozilla/4.0 (compatible; MSIE 7.0; Windows NT 6.1; WOW64; Trident/7.0; SLCC2; .NET CLR 2.0.50727; .NET CLR 3.5.30729; .NET CLR 3.0.30729; InfoPath.2; .NET4.0C; .NET4.0E)"
38.25.9.216 - - [04/May/2026:18:56:19 +0000] "GET / HTTP/2" 200 37559 "https://octopus.securecp.top:2083/" "Mozilla/5.0 (Windows NT 10.0; Win64; x64) AppleWebKit/537.36 (KHTML, like Gecko) Chrome/147.0.0.0 Safari/537.36"
38.25.9.216 - - [04/May/2026:18:56:21 +0000] "GET /wp-content/themes/hello-elementor/assets/css/theme.css?ver=3.4.6 HTTP/2" 200 1126 "https://solutec.admiracreativos.com/" "Mozilla/5.0 (Windows NT 10.0; Win64; x64) AppleWebKit/537.36 (KHTML, like Gecko) Chrome/147.0.0.0 Safari/537.36"
38.25.9.216 - - [04/May/2026:18:56:21 +0000] "GET /wp-content/plugins/logo-carousel-v3-premium/assets/css/frontend.css?ver=3.0.0 HTTP/2" 200 313 "https://solutec.admiracreativos.com/" "Mozilla/5.0 (Windows NT 10.0; Win64; x64) AppleWebKit/537.36 (KHTML, like Gecko) Chrome/147.0.0.0 Safari/537.36"
38.25.9.216 - - [04/May/2026:18:56:21 +0000] "GET /wp-content/plugins/woocommerce/assets/css/woocommerce-layout.css?ver=10.6.1 HTTP/2" 200 3160 "https://solutec.admiracreativos.com/" "Mozilla/5.0 (Windows NT 10.0; Win64; x64) AppleWebKit/537.36 (KHTML, like Gecko) Chrome/147.0.0.0 Safari/537.36"
38.25.9.216 - - [04/May/2026:18:56:21 +0000] "GET /wp-content/plugins/jet-menu/integration/themes/hello-elementor/assets/css/style.css?ver=2.4.18 HTTP/2" 200 117 "https://solutec.admiracreativos.com/" "Mozilla/5.0 (Windows NT 10.0; Win64; x64) AppleWebKit/537.36 (KHTML, like Gecko) Chrome/147.0.0.0 Safari/537.36"
38.25.9.216 - - [04/May/2026:18:56:21 +0000] "GET /wp-content/themes/hello-elementor/assets/css/reset.css?ver=3.4.6 HTTP/2" 200 1581 "https://solutec.admiracreativos.com/" "Mozilla/5.0 (Windows NT 10.0; Win64; x64) AppleWebKit/537.36 (KHTML, like Gecko) Chrome/147.0.0.0 Safari/537.36"
38.25.9.216 - - [04/May/2026:18:56:21 +0000] "GET /wp-content/plugins/revslider/public/css/sr7.css?ver=6.7.41 HTTP/2" 200 1409 "https://solutec.admiracreativos.com/" "Mozilla/5.0 (Windows NT 10.0; Win64; x64) AppleWebKit/537.36 (KHTML, like Gecko) Chrome/147.0.0.0 Safari/537.36"
38.25.9.216 - - [04/May/2026:18:56:21 +0000] "GET /wp-content/themes/hello-elementor/assets/css/header-footer.css?ver=3.4.6 HTTP/2" 200 1261 "https://solutec.admiracreativos.com/" "Mozilla/5.0 (Windows NT 10.0; Win64; x64) AppleWebKit/537.36 (KHTML, like Gecko) Chrome/147.0.0.0 Safari/537.36"
38.25.9.216 - - [04/May/2026:18:56:21 +0000] "GET /wp-content/plugins/elementor-pro/assets/css/widget-nav-menu.min.css?ver=3.35.1 HTTP/2" 200 3243 "https://solutec.admiracreativos.com/" "Mozilla/5.0 (Windows NT 10.0; Win64; x64) AppleWebKit/537.36 (KHTML, like Gecko) Chrome/147.0.0.0 Safari/537.36"
38.25.9.216 - - [04/May/2026:18:56:21 +0000] "GET /wp-content/plugins/elementor/assets/css/widget-image.min.css?ver=3.35.7 HTTP/2" 200 96 "https://solutec.admiracreativos.com/" "Mozilla/5.0 (Windows NT 10.0; Win64; x64) AppleWebKit/537.36 (KHTML, like Gecko) Chrome/147.0.0.0 Safari/537.36"
38.25.9.216 - - [04/May/2026:18:56:21 +0000] "GET /wp-content/plugins/elementor-pro/assets/css/modules/sticky.min.css?ver=3.35.1 HTTP/2" 200 162 "https://solutec.admiracreativos.com/" "Mozilla/5.0 (Windows NT 10.0; Win64; x64) AppleWebKit/537.36 (KHTML, like Gecko) Chrome/147.0.0.0 Safari/537.36"
38.25.9.216 - - [04/May/2026:18:56:21 +0000] "GET /wp-content/plugins/elementor/assets/css/conditionals/apple-webkit.min.css?ver=3.35.7 HTTP/2" 200 464 "https://solutec.admiracreativos.com/" "Mozilla/5.0 (Windows NT 10.0; Win64; x64) AppleWebKit/537.36 (KHTML, like Gecko) Chrome/147.0.0.0 Safari/537.36"
38.25.9.216 - - [04/May/2026:18:56:21 +0000] "GET /wp-content/plugins/elementor/assets/css/widget-icon-list.min.css?ver=3.35.7 HTTP/2" 200 928 "https://solutec.admiracreativos.com/" "Mozilla/5.0 (Windows NT 10.0; Win64; x64) AppleWebKit/537.36 (KHTML, like Gecko) Chrome/147.0.0.0 Safari/537.36"
38.25.9.216 - - [04/May/2026:18:56:21 +0000] "GET /wp-content/plugins/elementor/assets/css/widget-icon-box.min.css?ver=3.35.7 HTTP/2" 200 356 "https://solutec.admiracreativos.com/" "Mozilla/5.0 (Windows NT 10.0; Win64; x64) AppleWebKit/537.36 (KHTML, like Gecko) Chrome/147.0.0.0 Safari/537.36"
38.25.9.216 - - [04/May/2026:18:56:21 +0000] "GET /wp-content/uploads/elementor/css/post-6.css?ver=1776719415 HTTP/2" 200 401 "https://solutec.admiracreativos.com/" "Mozilla/5.0 (Windows NT 10.0; Win64; x64) AppleWebKit/537.36 (KHTML, like Gecko) Chrome/147.0.0.0 Safari/537.36"
38.25.9.216 - - [04/May/2026:18:56:21 +0000] "GET /wp-content/plugins/elementor-pro/assets/css/modules/motion-fx.min.css?ver=3.35.1 HTTP/2" 200 240 "https://solutec.admiracreativos.com/" "Mozilla/5.0 (Windows NT 10.0; Win64; x64) AppleWebKit/537.36 (KHTML, like Gecko) Chrome/147.0.0.0 Safari/537.36"
38.25.9.216 - - [04/May/2026:18:56:21 +0000] "GET /wp-content/plugins/elementor/assets/css/widget-heading.min.css?ver=3.35.7 HTTP/2" 200 126 "https://solutec.admiracreativos.com/" "Mozilla/5.0 (Windows NT 10.0; Win64; x64) AppleWebKit/537.36 (KHTML, like Gecko) Chrome/147.0.0.0 Safari/537.36"
38.25.9.216 - - [04/May/2026:18:56:21 +0000] "GET /wp-content/plugins/elementor/assets/lib/animations/styles/fadeInUp.min.css?ver=3.35.7 HTTP/2" 200 130 "https://solutec.admiracreativos.com/" "Mozilla/5.0 (Windows NT 10.0; Win64; x64) AppleWebKit/537.36 (KHTML, like Gecko) Chrome/147.0.0.0 Safari/537.36"
38.25.9.216 - - [04/May/2026:18:56:21 +0000] "GET /wp-content/uploads/elementor/css/post-63.css?ver=1776719415 HTTP/2" 200 1328 "https://solutec.admiracreativos.com/" "Mozilla/5.0 (Windows NT 10.0; Win64; x64) AppleWebKit/537.36 (KHTML, like Gecko) Chrome/147.0.0.0 Safari/537.36"
38.25.9.216 - - [04/May/2026:18:56:21 +0000] "GET /wp-content/plugins/elementor-pro/assets/css/widget-call-to-action.min.css?ver=3.35.1 HTTP/2" 200 1204 "https://solutec.admiracreativos.com/" "Mozilla/5.0 (Windows NT 10.0; Win64; x64) AppleWebKit/537.36 (KHTML, like Gecko) Chrome/147.0.0.0 Safari/537.36"
38.25.9.216 - - [04/May/2026:18:56:21 +0000] "GET /wp-content/plugins/elementor-pro/assets/css/conditionals/transitions.min.css?ver=3.35.1 HTTP/2" 200 599 "https://solutec.admiracreativos.com/" "Mozilla/5.0 (Windows NT 10.0; Win64; x64) AppleWebKit/537.36 (KHTML, like Gecko) Chrome/147.0.0.0 Safari/537.36"
38.25.9.216 - - [04/May/2026:18:56:21 +0000] "GET /wp-content/uploads/elementor/css/post-13.css?ver=1776719415 HTTP/2" 200 2338 "https://solutec.admiracreativos.com/" "Mozilla/5.0 (Windows NT 10.0; Win64; x64) AppleWebKit/537.36 (KHTML, like Gecko) Chrome/147.0.0.0 Safari/537.36"
38.25.9.216 - - [04/May/2026:18:56:21 +0000] "GET /wp-content/uploads/2026/02/logo-blanco.webp HTTP/2" 200 10034 "https://solutec.admiracreativos.com/" "Mozilla/5.0 (Windows NT 10.0; Win64; x64) AppleWebKit/537.36 (KHTML, like Gecko) Chrome/147.0.0.0 Safari/537.36"
38.25.9.216 - - [04/May/2026:18:56:21 +0000] "GET /wp-content/uploads/elementor/css/post-41.css?ver=1776719415 HTTP/2" 200 1773 "https://solutec.admiracreativos.com/" "Mozilla/5.0 (Windows NT 10.0; Win64; x64) AppleWebKit/537.36 (KHTML, like Gecko) Chrome/147.0.0.0 Safari/537.36"
38.25.9.216 - - [04/May/2026:18:56:21 +0000] "GET /wp-content/uploads/elementor/css/post-774.css?ver=1776719416 HTTP/2" 200 1310 "https://solutec.admiracreativos.com/" "Mozilla/5.0 (Windows NT 10.0; Win64; x64) AppleWebKit/537.36 (KHTML, like Gecko) Chrome/147.0.0.0 Safari/537.36"
38.25.9.216 - - [04/May/2026:18:56:21 +0000] "GET /wp-content/plugins/elementor/assets/css/widget-social-icons.min.css?ver=3.35.7 HTTP/2" 200 1039 "https://solutec.admiracreativos.com/" "Mozilla/5.0 (Windows NT 10.0; Win64; x64) AppleWebKit/537.36 (KHTML, like Gecko) Chrome/147.0.0.0 Safari/537.36"
38.25.9.216 - - [04/May/2026:18:56:21 +0000] "GET /wp-content/uploads/2026/02/Solutec-Logo.webp HTTP/2" 200 8728 "https://solutec.admiracreativos.com/" "Mozilla/5.0 (Windows NT 10.0; Win64; x64) AppleWebKit/537.36 (KHTML, like Gecko) Chrome/147.0.0.0 Safari/537.36"
38.25.9.216 - - [04/May/2026:18:56:21 +0000] "GET /wp-content/plugins/woocommerce/assets/css/woocommerce.css?ver=10.6.1 HTTP/2" 200 10458 "https://solutec.admiracreativos.com/" "Mozilla/5.0 (Windows NT 10.0; Win64; x64) AppleWebKit/537.36 (KHTML, like Gecko) Chrome/147.0.0.0 Safari/537.36"
38.25.9.216 - - [04/May/2026:18:56:21 +0000] "GET /wp-content/plugins/jet-engine/assets/css/frontend.css?ver=3.8.6.1 HTTP/2" 200 8067 "https://solutec.admiracreativos.com/" "Mozilla/5.0 (Windows NT 10.0; Win64; x64) AppleWebKit/537.36 (KHTML, like Gecko) Chrome/147.0.0.0 Safari/537.36"
38.25.9.216 - - [04/May/2026:18:56:21 +0000] "GET /wp-content/plugins/jet-menu/assets/public/css/public.css?ver=2.4.18 HTTP/2" 200 6578 "https://solutec.admiracreativos.com/" "Mozilla/5.0 (Windows NT 10.0; Win64; x64) AppleWebKit/537.36 (KHTML, like Gecko) Chrome/147.0.0.0 Safari/537.36"
38.25.9.216 - - [04/May/2026:18:56:21 +0000] "GET /wp-content/plugins/elementor/assets/css/frontend.min.css?ver=3.35.7 HTTP/2" 200 6613 "https://solutec.admiracreativos.com/" "Mozilla/5.0 (Windows NT 10.0; Win64; x64) AppleWebKit/537.36 (KHTML, like Gecko) Chrome/147.0.0.0 Safari/537.36"
38.25.9.216 - - [04/May/2026:18:56:21 +0000] "GET /wp-includes/js/jquery/jquery-migrate.min.js?ver=3.4.1 HTTP/2" 200 4678 "https://solutec.admiracreativos.com/" "Mozilla/5.0 (Windows NT 10.0; Win64; x64) AppleWebKit/537.36 (KHTML, like Gecko) Chrome/147.0.0.0 Safari/537.36"
38.25.9.216 - - [04/May/2026:18:56:21 +0000] "GET /wp-includes/js/jquery/jquery.min.js?ver=3.7.1 HTTP/2" 200 29744 "https://solutec.admiracreativos.com/" "Mozilla/5.0 (Windows NT 10.0; Win64; x64) AppleWebKit/537.36 (KHTML, like Gecko) Chrome/147.0.0.0 Safari/537.36"
38.25.9.216 - - [04/May/2026:18:56:21 +0000] "GET /wp-content/plugins/revslider/public/css/fonts/revicons/css/revicons.css HTTP/2" 200 1147 "https://solutec.admiracreativos.com/" "Mozilla/5.0 (Windows NT 10.0; Win64; x64) AppleWebKit/537.36 (KHTML, like Gecko) Chrome/147.0.0.0 Safari/537.36"
38.25.9.216 - - [04/May/2026:18:56:21 +0000] "GET /wp-content/plugins/woocommerce/assets/client/blocks/wc-blocks.css?ver=wc-10.6.1 HTTP/2" 200 2391 "https://solutec.admiracreativos.com/" "Mozilla/5.0 (Windows NT 10.0; Win64; x64) AppleWebKit/537.36 (KHTML, like Gecko) Chrome/147.0.0.0 Safari/537.36"
38.25.9.216 - - [04/May/2026:18:56:21 +0000] "GET /wp-content/uploads/elementor/css/post-872.css?ver=1776719416 HTTP/2" 200 636 "https://solutec.admiracreativos.com/" "Mozilla/5.0 (Windows NT 10.0; Win64; x64) AppleWebKit/537.36 (KHTML, like Gecko) Chrome/147.0.0.0 Safari/537.36"
38.25.9.216 - - [04/May/2026:18:56:21 +0000] "GET /wp-includes/js/dist/hooks.min.js?ver=dd5603f07f9220ed27f1 HTTP/2" 200 1852 "https://solutec.admiracreativos.com/" "Mozilla/5.0 (Windows NT 10.0; Win64; x64) AppleWebKit/537.36 (KHTML, like Gecko) Chrome/147.0.0.0 Safari/537.36"
38.25.9.216 - - [04/May/2026:18:56:21 +0000] "GET /wp-content/uploads/elementor/css/post-878.css?ver=1776719416 HTTP/2" 200 234 "https://solutec.admiracreativos.com/" "Mozilla/5.0 (Windows NT 10.0; Win64; x64) AppleWebKit/537.36 (KHTML, like Gecko) Chrome/147.0.0.0 Safari/537.36"
38.25.9.216 - - [04/May/2026:18:56:21 +0000] "GET /wp-content/themes/hello-elementor/assets/js/hello-frontend.js?ver=3.4.6 HTTP/2" 200 493 "https://solutec.admiracreativos.com/" "Mozilla/5.0 (Windows NT 10.0; Win64; x64) AppleWebKit/537.36 (KHTML, like Gecko) Chrome/147.0.0.0 Safari/537.36"
38.25.9.216 - - [04/May/2026:18:56:21 +0000] "GET /wp-content/plugins/jet-menu/assets/public/js/jet-menu-public-scripts.js?ver=2.4.18 HTTP/2" 200 8999 "https://solutec.admiracreativos.com/" "Mozilla/5.0 (Windows NT 10.0; Win64; x64) AppleWebKit/537.36 (KHTML, like Gecko) Chrome/147.0.0.0 Safari/537.36"
38.25.9.216 - - [04/May/2026:18:56:21 +0000] "GET /wp-content/plugins/elementor-pro/assets/lib/smartmenus/jquery.smartmenus.min.js?ver=1.2.1 HTTP/2" 200 6867 "https://solutec.admiracreativos.com/" "Mozilla/5.0 (Windows NT 10.0; Win64; x64) AppleWebKit/537.36 (KHTML, like Gecko) Chrome/147.0.0.0 Safari/537.36"
38.25.9.216 - - [04/May/2026:18:56:21 +0000] "GET /wp-content/plugins/elementor/assets/js/webpack.runtime.min.js?ver=3.35.7 HTTP/2" 200 2280 "https://solutec.admiracreativos.com/" "Mozilla/5.0 (Windows NT 10.0; Win64; x64) AppleWebKit/537.36 (KHTML, like Gecko) Chrome/147.0.0.0 Safari/537.36"
38.25.9.216 - - [04/May/2026:18:56:21 +0000] "GET /wp-content/plugins/elementor-pro/assets/lib/sticky/jquery.sticky.min.js?ver=3.35.1 HTTP/2" 200 1442 "https://solutec.admiracreativos.com/" "Mozilla/5.0 (Windows NT 10.0; Win64; x64) AppleWebKit/537.36 (KHTML, like Gecko) Chrome/147.0.0.0 Safari/537.36"
38.25.9.216 - - [04/May/2026:18:56:21 +0000] "GET /wp-content/plugins/jet-menu/includes/elementor/assets/public/js/widgets-scripts.js?ver=2.4.18 HTTP/2" 200 3168 "https://solutec.admiracreativos.com/" "Mozilla/5.0 (Windows NT 10.0; Win64; x64) AppleWebKit/537.36 (KHTML, like Gecko) Chrome/147.0.0.0 Safari/537.36"
38.25.9.216 - - [04/May/2026:18:56:21 +0000] "GET /wp-content/plugins/woocommerce/assets/js/jquery-blockui/jquery.blockUI.min.js?ver=2.7.0-wc.10.6.1 HTTP/2" 200 3277 "https://solutec.admiracreativos.com/" "Mozilla/5.0 (Windows NT 10.0; Win64; x64) AppleWebKit/537.36 (KHTML, like Gecko) Chrome/147.0.0.0 Safari/537.36"
38.25.9.216 - - [04/May/2026:18:56:21 +0000] "GET /wp-content/plugins/jet-engine/assets/js/frontend/modules/jet-smart-filters.js?ver=3.8.6.1 HTTP/2" 200 619 "https://solutec.admiracreativos.com/" "Mozilla/5.0 (Windows NT 10.0; Win64; x64) AppleWebKit/537.36 (KHTML, like Gecko) Chrome/147.0.0.0 Safari/537.36"
38.25.9.216 - - [04/May/2026:18:56:21 +0000] "GET /wp-includes/js/dist/i18n.min.js?ver=c26c3dc7bed366793375 HTTP/2" 200 2119 "https://solutec.admiracreativos.com/" "Mozilla/5.0 (Windows NT 10.0; Win64; x64) AppleWebKit/537.36 (KHTML, like Gecko) Chrome/147.0.0.0 Safari/537.36"
38.25.9.216 - - [04/May/2026:18:56:21 +0000] "GET /wp-content/plugins/woocommerce/assets/js/frontend/order-attribution.min.js?ver=10.6.1 HTTP/2" 200 1020 "https://solutec.admiracreativos.com/" "Mozilla/5.0 (Windows NT 10.0; Win64; x64) AppleWebKit/537.36 (KHTML, like Gecko) Chrome/147.0.0.0 Safari/537.36"
38.25.9.216 - - [04/May/2026:18:56:21 +0000] "GET /wp-content/plugins/jet-engine/assets/lib/jet-plugins/jet-plugins.js?ver=1.1.0 HTTP/2" 200 2190 "https://solutec.admiracreativos.com/" "Mozilla/5.0 (Windows NT 10.0; Win64; x64) AppleWebKit/537.36 (KHTML, like Gecko) Chrome/147.0.0.0 Safari/537.36"
38.25.9.216 - - [04/May/2026:18:56:21 +0000] "GET /wp-content/plugins/jet-elements/assets/css/jet-elements.css?ver=2.8.1.1 HTTP/2" 200 2886 "https://solutec.admiracreativos.com/" "Mozilla/5.0 (Windows NT 10.0; Win64; x64) AppleWebKit/537.36 (KHTML, like Gecko) Chrome/147.0.0.0 Safari/537.36"
38.25.9.216 - - [04/May/2026:18:56:21 +0000] "GET /wp-content/plugins/woocommerce/assets/css/woocommerce-smallscreen.css?ver=10.6.1 HTTP/2" 200 1165 "https://solutec.admiracreativos.com/" "Mozilla/5.0 (Windows NT 10.0; Win64; x64) AppleWebKit/537.36 (KHTML, like Gecko) Chrome/147.0.0.0 Safari/537.36"
38.25.9.216 - - [04/May/2026:18:56:22 +0000] "GET /wp-content/uploads/2026/03/rice_lake.webp HTTP/2" 200 2072 "https://solutec.admiracreativos.com/" "Mozilla/5.0 (Windows NT 10.0; Win64; x64) AppleWebKit/537.36 (KHTML, like Gecko) Chrome/147.0.0.0 Safari/537.36"
38.25.9.216 - - [04/May/2026:18:56:21 +0000] "GET /wp-content/plugins/woocommerce/assets/js/frontend/add-to-cart.min.js?ver=10.6.1 HTTP/2" 200 1296 "https://solutec.admiracreativos.com/" "Mozilla/5.0 (Windows NT 10.0; Win64; x64) AppleWebKit/537.36 (KHTML, like Gecko) Chrome/147.0.0.0 Safari/537.36"
38.25.9.216 - - [04/May/2026:18:56:21 +0000] "GET /wp-content/uploads/2026/02/celdas-de-carga.webp HTTP/2" 200 12848 "https://solutec.admiracreativos.com/" "Mozilla/5.0 (Windows NT 10.0; Win64; x64) AppleWebKit/537.36 (KHTML, like Gecko) Chrome/147.0.0.0 Safari/537.36"
38.25.9.216 - - [04/May/2026:18:56:21 +0000] "GET /wp-content/plugins/woocommerce/assets/js/js-cookie/js.cookie.min.js?ver=2.1.4-wc.10.6.1 HTTP/2" 200 760 "https://solutec.admiracreativos.com/" "Mozilla/5.0 (Windows NT 10.0; Win64; x64) AppleWebKit/537.36 (KHTML, like Gecko) Chrome/147.0.0.0 Safari/537.36"
38.25.9.216 - - [04/May/2026:18:56:21 +0000] "GET /wp-content/uploads/2026/03/CCL-asociado-8-300x118-1.webp HTTP/2" 200 9268 "https://solutec.admiracreativos.com/" "Mozilla/5.0 (Windows NT 10.0; Win64; x64) AppleWebKit/537.36 (KHTML, like Gecko) Chrome/147.0.0.0 Safari/537.36"
38.25.9.216 - - [04/May/2026:18:56:22 +0000] "GET /wp-content/uploads/2026/03/ohaus.webp HTTP/2" 200 1622 "https://solutec.admiracreativos.com/" "Mozilla/5.0 (Windows NT 10.0; Win64; x64) AppleWebKit/537.36 (KHTML, like Gecko) Chrome/147.0.0.0 Safari/537.36"
38.25.9.216 - - [04/May/2026:18:56:21 +0000] "GET /wp-content/plugins/woocommerce/assets/js/frontend/woocommerce.min.js?ver=10.6.1 HTTP/2" 200 1332 "https://solutec.admiracreativos.com/" "Mozilla/5.0 (Windows NT 10.0; Win64; x64) AppleWebKit/537.36 (KHTML, like Gecko) Chrome/147.0.0.0 Safari/537.36"
38.25.9.216 - - [04/May/2026:18:56:22 +0000] "GET /wp-content/uploads/2026/03/flintec.webp HTTP/2" 200 1822 "https://solutec.admiracreativos.com/" "Mozilla/5.0 (Windows NT 10.0; Win64; x64) AppleWebKit/537.36 (KHTML, like Gecko) Chrome/147.0.0.0 Safari/537.36"
38.25.9.216 - - [04/May/2026:18:56:21 +0000] "GET /wp-content/plugins/elementor-pro/assets/js/webpack-pro.runtime.min.js?ver=3.35.1 HTTP/2" 200 2623 "https://solutec.admiracreativos.com/" "Mozilla/5.0 (Windows NT 10.0; Win64; x64) AppleWebKit/537.36 (KHTML, like Gecko) Chrome/147.0.0.0 Safari/537.36"
38.25.9.216 - - [04/May/2026:18:56:21 +0000] "GET /wp-content/plugins/jet-engine/assets/lib/slick/slick.min.js?ver=1.8.1 HTTP/2" 200 10036 "https://solutec.admiracreativos.com/" "Mozilla/5.0 (Windows NT 10.0; Win64; x64) AppleWebKit/537.36 (KHTML, like Gecko) Chrome/147.0.0.0 Safari/537.36"
38.25.9.216 - - [04/May/2026:18:56:21 +0000] "GET /wp-content/plugins/woocommerce/assets/js/sourcebuster/sourcebuster.min.js?ver=10.6.1 HTTP/2" 200 4609 "https://solutec.admiracreativos.com/" "Mozilla/5.0 (Windows NT 10.0; Win64; x64) AppleWebKit/537.36 (KHTML, like Gecko) Chrome/147.0.0.0 Safari/537.36"
38.25.9.216 - - [04/May/2026:18:56:22 +0000] "GET /wp-content/uploads/2026/03/camry.webp HTTP/2" 200 1254 "https://solutec.admiracreativos.com/" "Mozilla/5.0 (Windows NT 10.0; Win64; x64) AppleWebKit/537.36 (KHTML, like Gecko) Chrome/147.0.0.0 Safari/537.36"
38.25.9.216 - - [04/May/2026:18:56:21 +0000] "GET /wp-content/plugins/elementor/assets/js/frontend-modules.min.js?ver=3.35.7 HTTP/2" 200 15420 "https://solutec.admiracreativos.com/" "Mozilla/5.0 (Windows NT 10.0; Win64; x64) AppleWebKit/537.36 (KHTML, like Gecko) Chrome/147.0.0.0 Safari/537.36"
38.25.9.216 - - [04/May/2026:18:56:22 +0000] "GET /wp-content/uploads/2026/03/k.webp HTTP/2" 200 1970 "https://solutec.admiracreativos.com/" "Mozilla/5.0 (Windows NT 10.0; Win64; x64) AppleWebKit/537.36 (KHTML, like Gecko) Chrome/147.0.0.0 Safari/537.36"
38.25.9.216 - - [04/May/2026:18:56:21 +0000] "GET /wp-content/plugins/jet-elements/assets/js/jet-elements.min.js?ver=2.8.1.1 HTTP/2" 200 7133 "https://solutec.admiracreativos.com/" "Mozilla/5.0 (Windows NT 10.0; Win64; x64) AppleWebKit/537.36 (KHTML, like Gecko) Chrome/147.0.0.0 Safari/537.36"
38.25.9.216 - - [04/May/2026:18:56:21 +0000] "GET /wp-content/uploads/2026/03/pesas-patron.webp HTTP/2" 200 15926 "https://solutec.admiracreativos.com/" "Mozilla/5.0 (Windows NT 10.0; Win64; x64) AppleWebKit/537.36 (KHTML, like Gecko) Chrome/147.0.0.0 Safari/537.36"
38.25.9.216 - - [04/May/2026:18:56:22 +0000] "GET /wp-content/uploads/2026/03/hbm.webp HTTP/2" 200 826 "https://solutec.admiracreativos.com/" "Mozilla/5.0 (Windows NT 10.0; Win64; x64) AppleWebKit/537.36 (KHTML, like Gecko) Chrome/147.0.0.0 Safari/537.36"
38.25.9.216 - - [04/May/2026:18:56:22 +0000] "GET /wp-content/uploads/2026/03/jadever.webp HTTP/2" 200 1596 "https://solutec.admiracreativos.com/" "Mozilla/5.0 (Windows NT 10.0; Win64; x64) AppleWebKit/537.36 (KHTML, like Gecko) Chrome/147.0.0.0 Safari/537.36"
38.25.9.216 - - [04/May/2026:18:56:21 +0000] "GET /wp-content/plugins/elementor-pro/assets/js/frontend.min.js?ver=3.35.1 HTTP/2" 200 6203 "https://solutec.admiracreativos.com/" "Mozilla/5.0 (Windows NT 10.0; Win64; x64) AppleWebKit/537.36 (KHTML, like Gecko) Chrome/147.0.0.0 Safari/537.36"
38.25.9.216 - - [04/May/2026:18:56:21 +0000] "GET /wp-includes/js/jquery/ui/core.min.js?ver=1.13.3 HTTP/2" 200 6812 "https://solutec.admiracreativos.com/" "Mozilla/5.0 (Windows NT 10.0; Win64; x64) AppleWebKit/537.36 (KHTML, like Gecko) Chrome/147.0.0.0 Safari/537.36"
38.25.9.216 - - [04/May/2026:18:56:21 +0000] "GET /wp-content/plugins/elementor-pro/assets/js/elements-handlers.min.js?ver=3.35.1 HTTP/2" 200 10095 "https://solutec.admiracreativos.com/" "Mozilla/5.0 (Windows NT 10.0; Win64; x64) AppleWebKit/537.36 (KHTML, like Gecko) Chrome/147.0.0.0 Safari/537.36"
38.25.9.216 - - [04/May/2026:18:56:21 +0000] "GET /wp-content/plugins/jet-engine/assets/js/frontend/frontend.js?ver=3.8.6.1 HTTP/2" 200 7713 "https://solutec.admiracreativos.com/" "Mozilla/5.0 (Windows NT 10.0; Win64; x64) AppleWebKit/537.36 (KHTML, like Gecko) Chrome/147.0.0.0 Safari/537.36"
38.25.9.216 - - [04/May/2026:18:56:21 +0000] "GET /wp-content/plugins/elementor/assets/js/frontend.min.js?ver=3.35.7 HTTP/2" 200 10050 "https://solutec.admiracreativos.com/" "Mozilla/5.0 (Windows NT 10.0; Win64; x64) AppleWebKit/537.36 (KHTML, like Gecko) Chrome/147.0.0.0 Safari/537.36"
38.25.9.216 - - [04/May/2026:18:56:21 +0000] "GET /wp-content/plugins/jet-elements/assets/js/lib/tweenjs/tweenjs.min.js?ver=2.0.2 HTTP/2" 200 37585 "https://solutec.admiracreativos.com/" "Mozilla/5.0 (Windows NT 10.0; Win64; x64) AppleWebKit/537.36 (KHTML, like Gecko) Chrome/147.0.0.0 Safari/537.36"
38.25.9.216 - - [04/May/2026:18:56:21 +0000] "GET /wp-content/uploads/2026/02/balanzas.webp HTTP/2" 200 26300 "https://solutec.admiracreativos.com/" "Mozilla/5.0 (Windows NT 10.0; Win64; x64) AppleWebKit/537.36 (KHTML, like Gecko) Chrome/147.0.0.0 Safari/537.36"
38.25.9.216 - - [04/May/2026:18:56:21 +0000] "GET /wp-content/uploads/2026/03/accesorios.webp HTTP/2" 200 31288 "https://solutec.admiracreativos.com/" "Mozilla/5.0 (Windows NT 10.0; Win64; x64) AppleWebKit/537.36 (KHTML, like Gecko) Chrome/147.0.0.0 Safari/537.36"
38.25.9.216 - - [04/May/2026:18:56:21 +0000] "GET /wp-content/uploads/2026/02/indicadores-de-peso.webp HTTP/2" 200 18956 "https://solutec.admiracreativos.com/" "Mozilla/5.0 (Windows NT 10.0; Win64; x64) AppleWebKit/537.36 (KHTML, like Gecko) Chrome/147.0.0.0 Safari/537.36"
38.25.9.216 - - [04/May/2026:18:56:21 +0000] "GET /wp-content/uploads/2026/03/sistemas-industriales.webp HTTP/2" 200 21106 "https://solutec.admiracreativos.com/" "Mozilla/5.0 (Windows NT 10.0; Win64; x64) AppleWebKit/537.36 (KHTML, like Gecko) Chrome/147.0.0.0 Safari/537.36"
38.25.9.216 - - [04/May/2026:18:56:21 +0000] "GET /wp-content/plugins/revslider/public/js/libs/tptools.js?ver=6.7.41 HTTP/2" 200 72873 "https://solutec.admiracreativos.com/" "Mozilla/5.0 (Windows NT 10.0; Win64; x64) AppleWebKit/537.36 (KHTML, like Gecko) Chrome/147.0.0.0 Safari/537.36"
38.25.9.216 - - [04/May/2026:18:56:21 +0000] "GET /wp-content/plugins/revslider/public/js/sr7.js?ver=6.7.41 HTTP/2" 200 92983 "https://solutec.admiracreativos.com/" "Mozilla/5.0 (Windows NT 10.0; Win64; x64) AppleWebKit/537.36 (KHTML, like Gecko) Chrome/147.0.0.0 Safari/537.36"
198.46.83.219 - - [04/May/2026:18:46:29 +0000] "GET /wp-login.php HTTP/2" 200 971 "-" "Mozilla/5.0 (Macintosh; Intel Mac OS X 10_12_6) AppleWebKit/537.36 (KHTML, like Gecko) Chrome/66.0.3359.139 Safari/537.36"
198.46.83.219 - - [04/May/2026:18:46:29 +0000] "POST /wp-login.php HTTP/2" 200 971 "https://solutec.admiracreativos.com/wp-login.php" "Mozilla/5.0 (Macintosh; Intel Mac OS X 10_12_6) AppleWebKit/537.36 (KHTML, like Gecko) Chrome/66.0.3359.139 Safari/537.36"
165.22.61.123 - - [04/May/2026:18:53:49 +0000] "GET /wp-login.php HTTP/2" 200 971 "-" "Mozilla/5.0 (Windows NT 10.0; WOW64; Trident/7.0; LCTE; rv:11.0) like Gecko"
165.22.61.123 - - [04/May/2026:18:53:50 +0000] "POST /wp-login.php HTTP/2" 200 971 "https://solutec.admiracreativos.com/wp-login.php" "Mozilla/5.0 (Windows NT 10.0; WOW64; Trident/7.0; LCTE; rv:11.0) like Gecko"
209.50.240.174 - - [04/May/2026:18:56:21 +0000] "POST /wp-cron.php?doing_wp_cron=1777920981.2704029083251953125000 HTTP/1.1" 200 0 "-" "WordPress/6.9.4; https://solutec.admiracreativos.com"
38.25.9.216 - - [04/May/2026:18:56:21 +0000] "GET /wp-content/plugins/jet-menu/assets/public/lib/vue/vue.min.js?ver=2.6.11 HTTP/2" 200 33111 "https://solutec.admiracreativos.com/" "Mozilla/5.0 (Windows NT 10.0; Win64; x64) AppleWebKit/537.36 (KHTML, like Gecko) Chrome/147.0.0.0 Safari/537.36"
38.25.9.216 - - [04/May/2026:18:56:22 +0000] "GET /wp-content/plugins/revslider/public/css/sr7.lp.css HTTP/2" 200 1102 "https://solutec.admiracreativos.com/" "Mozilla/5.0 (Windows NT 10.0; Win64; x64) AppleWebKit/537.36 (KHTML, like Gecko) Chrome/147.0.0.0 Safari/537.36"
38.25.9.216 - - [04/May/2026:18:56:22 +0000] "GET /wp-content/plugins/elementor/assets/js/shared-frontend-handlers.03caa53373b56d3bab67.bundle.min.js HTTP/2" 200 2511 "https://solutec.admiracreativos.com/" "Mozilla/5.0 (Windows NT 10.0; Win64; x64) AppleWebKit/537.36 (KHTML, like Gecko) Chrome/147.0.0.0 Safari/537.36"
38.25.9.216 - - [04/May/2026:18:56:22 +0000] "GET /wp-content/plugins/elementor-pro/assets/js/nav-menu.8521a0597c50611efdc6.bundle.min.js HTTP/2" 200 1733 "https://solutec.admiracreativos.com/" "Mozilla/5.0 (Windows NT 10.0; Win64; x64) AppleWebKit/537.36 (KHTML, like Gecko) Chrome/147.0.0.0 Safari/537.36"
38.25.9.216 - - [04/May/2026:18:56:22 +0000] "GET /wp-content/plugins/elementor/assets/js/text-editor.45609661e409413f1cef.bundle.min.js HTTP/2" 200 592 "https://solutec.admiracreativos.com/" "Mozilla/5.0 (Windows NT 10.0; Win64; x64) AppleWebKit/537.36 (KHTML, like Gecko) Chrome/147.0.0.0 Safari/537.36"
38.25.9.216 - - [04/May/2026:18:56:22 +0000] "GET /wp-includes/js/wp-emoji-release.min.js?ver=6.9.4 HTTP/2" 200 4949 "https://solutec.admiracreativos.com/" "Mozilla/5.0 (Windows NT 10.0; Win64; x64) AppleWebKit/537.36 (KHTML, like Gecko) Chrome/147.0.0.0 Safari/537.36"
38.25.9.216 - - [04/May/2026:18:56:22 +0000] "GET /wp-content/plugins/revslider/public/css/sr7.nav.css HTTP/2" 200 596 "https://solutec.admiracreativos.com/" "Mozilla/5.0 (Windows NT 10.0; Win64; x64) AppleWebKit/537.36 (KHTML, like Gecko) Chrome/147.0.0.0 Safari/537.36"
38.25.9.216 - - [04/May/2026:18:56:22 +0000] "GET /wp-content/plugins/revslider/public/css/sr7.btns.css HTTP/2" 200 792 "https://solutec.admiracreativos.com/" "Mozilla/5.0 (Windows NT 10.0; Win64; x64) AppleWebKit/537.36 (KHTML, like Gecko) Chrome/147.0.0.0 Safari/537.36"
38.25.9.216 - - [04/May/2026:18:56:22 +0000] "GET /wp-content/plugins/revslider/public/css/sr7.media.css HTTP/2" 200 535 "https://solutec.admiracreativos.com/" "Mozilla/5.0 (Windows NT 10.0; Win64; x64) AppleWebKit/537.36 (KHTML, like Gecko) Chrome/147.0.0.0 Safari/537.36"
213.238.191.143 - - [04/May/2026:18:56:48 +0000] "POST /xmlrpc.php HTTP/2" 200 216 "-" "Mozilla/4.0 (compatible; MSIE 8.0; Windows NT 6.2; WOW64; Trident/7.0; .NET4.0C; .NET4.0E; .NET CLR 2.0.50727; .NET CLR 3.0.30729; .NET CLR 3.5.30729)"
103.82.21.169 - - [04/May/2026:19:00:39 +0000] "POST /xmlrpc.php HTTP/2" 200 216 "-" "Mozilla/5.0 (Windows NT 6.3; Win64; x64; Trident/7.0; Touch; TNJB; rv:11.0) like Gecko"
98.130.43.189 - - [04/May/2026:19:03:23 +0000] "GET /wp-login.php HTTP/2" 200 971 "-" "Mozilla/4.0 (compatible; MSIE 7.0; Windows NT 6.2; WOW64; Trident/7.0; .NET4.0C; .NET4.0E; .NET CLR 2.0.50727; .NET CLR 3.0.30729; .NET CLR 3.5.30729; Tablet PC 2.0)"
98.130.43.189 - - [04/May/2026:19:03:27 +0000] "POST /wp-login.php HTTP/2" 200 971 "https://solutec.admiracreativos.com/wp-login.php" "Mozilla/4.0 (compatible; MSIE 7.0; Windows NT 6.2; WOW64; Trident/7.0; .NET4.0C; .NET4.0E; .NET CLR 2.0.50727; .NET CLR 3.0.30729; .NET CLR 3.5.30729; Tablet PC 2.0)"
52.232.35.131 - - [04/May/2026:19:04:44 +0000] "GET /wp-login.php HTTP/2" 200 971 "-" "Mozilla/5.0 (Windows NT 6.3; Trident/7.0; rv 11.0) like Gecko"
52.232.35.131 - - [04/May/2026:19:04:44 +0000] "POST /wp-login.php HTTP/2" 200 971 "https://solutec.admiracreativos.com/wp-login.php" "Mozilla/5.0 (Windows NT 6.3; Trident/7.0; rv 11.0) like Gecko"
209.50.240.174 - - [04/May/2026:19:00:40 +0000] "POST /wp-cron.php?doing_wp_cron=1777921240.5958149433135986328125 HTTP/1.1" 200 0 "-" "WordPress/6.9.4; https://solutec.admiracreativos.com"
209.50.240.174 - - [04/May/2026:19:11:55 +0000] "POST /wp-cron.php?doing_wp_cron=1777921915.8256309032440185546875 HTTP/1.1" 200 0 "-" "WordPress/6.9.4; https://solutec.admiracreativos.com"
185.191.171.11 - - [04/May/2026:19:11:54 +0000] "GET /robots.txt HTTP/1.1" 200 184 "-" "Mozilla/5.0 (compatible; SemrushBot/7~bl; +http://www.semrush.com/bot.html)"
85.208.96.202 - - [04/May/2026:19:11:56 +0000] "GET /producto/420-plus/ HTTP/1.1" 200 35254 "-" "Mozilla/5.0 (compatible; SemrushBot/7~bl; +http://www.semrush.com/bot.html)"
74.91.224.220 - - [04/May/2026:19:12:32 +0000] "GET /wp-login.php HTTP/2" 200 971 "-" "Mozilla/5.0 (Windows NT 6.1; WOW64; Trident/7.0; CTL_IE11; rv:11.0) like Gecko"
74.91.224.220 - - [04/May/2026:19:12:32 +0000] "POST /wp-login.php HTTP/2" 200 971 "https://solutec.admiracreativos.com/wp-login.php" "Mozilla/5.0 (Windows NT 6.1; WOW64; Trident/7.0; CTL_IE11; rv:11.0) like Gecko"
209.50.240.174 - - [04/May/2026:19:15:14 +0000] "POST /wp-cron.php?doing_wp_cron=1777922114.6261029243469238281250 HTTP/1.1" 200 0 "-" "WordPress/6.9.4; https://solutec.admiracreativos.com"
163.47.203.79 - - [04/May/2026:19:15:13 +0000] "POST /xmlrpc.php HTTP/2" 200 216 "-" "Mozilla/5.0 (Windows NT 10.0; WOW64; Trident/7.0; TAJB; rv:11.0) like Gecko"
43.166.224.244 - - [04/May/2026:19:20:41 +0000] "GET /wp-content/uploads/2026/04/h1a.webp HTTP/1.1" 200 28120 "-" "Mozilla/5.0 (iPhone; CPU iPhone OS 13_2_3 like Mac OS X) AppleWebKit/605.1.15 (KHTML, like Gecko) Version/13.0.3 Mobile/15E148 Safari/604.1"
207.46.13.107 - - [04/May/2026:19:21:05 +0000] "GET /categoria-producto/balanzas/uniceldas/ HTTP/2" 200 29599 "-" "Mozilla/5.0 AppleWebKit/537.36 (KHTML, like Gecko; compatible; bingbot/2.0; +http://www.bing.com/bingbot.htm) Chrome/116.0.1938.76 Safari/537.36"
134.119.207.93 - - [04/May/2026:19:23:05 +0000] "GET /wp-login.php HTTP/2" 200 971 "-" "Mozilla/5.0 (Macintosh; Intel Mac OS X 10_11_6) AppleWebKit/602.4.8 (KHTML, like Gecko) Version/10.0.3 Safari/602.4.8"
134.119.207.93 - - [04/May/2026:19:23:05 +0000] "POST /wp-login.php HTTP/2" 200 971 "https://solutec.admiracreativos.com/wp-login.php" "Mozilla/5.0 (Macintosh; Intel Mac OS X 10_11_6) AppleWebKit/602.4.8 (KHTML, like Gecko) Version/10.0.3 Safari/602.4.8"
209.50.240.174 - - [04/May/2026:19:24:26 +0000] "POST /wp-cron.php?doing_wp_cron=1777922666.5596599578857421875000 HTTP/1.1" 200 0 "-" "WordPress/6.9.4; https://solutec.admiracreativos.com"
74.91.224.220 - - [04/May/2026:19:24:25 +0000] "POST /xmlrpc.php HTTP/2" 200 216 "-" "Mozilla/5.0 (Windows NT 6.3; Win64, x64; Trident/7.0; rv:11.0) like Gecko"
162.240.175.101 - - [04/May/2026:19:29:43 +0000] "POST /xmlrpc.php HTTP/2" 200 216 "-" "Mozilla/5.0 (Windows NT 6.1; WOW64; rv:60.0) Gecko/20100101 Firefox/60.0"
209.50.240.174 - - [04/May/2026:19:19:47 +0000] "POST /wp-cron.php?doing_wp_cron=1777922387.4844748973846435546875 HTTP/1.1" 200 0 "-" "WordPress/6.9.4; https://solutec.admiracreativos.com"
